 -130. Suppose -12*r - 10*r = -n*r. Suppose 5*o - 124 - 1091 = -5*h, r = -h - 4. What are the prime factors of o?
13, 19
Suppose c - 21 = -2*d, -24 = -2*d - 3*c + c. Suppose 0 = -d*w - 0*w + 171. List the prime factors of -6*w/3*-1.
2, 19
List the prime factors of (-11 + 33)*8 - -2.
2, 89
Suppose -3*y = -0*k + k + 127, 3*y + 3*k + 117 = 0. Let j = 54 + y. Suppose -4*b + 4*u + 192 = -2*b, j = -2*u. What are the prime factors of b?
2, 43
Suppose 3782 = 3*l - 4451 - 4949. What are the prime factors of l?
2, 13
Let j = 44 - 39. Suppose -2*z - y = 31 - 164, 3*y + 360 = j*z. Suppose 155 = -z*b + 70*b. What are the prime factors of b?
5, 31
List the prime factors of 2/32 + (-316140)/(-320).
2, 13, 19
Suppose -85323 = -25*t + 64752. List the prime factors of t.
3, 23, 29
Let f(h) = 8*h**3 - 3*h**2 + 3*h - 4. Suppose 2*w + 6 = 2*k - 3*k, -4*k - 3*w - 4 = 0. Suppose 7*n - 6*n - k = 0. What are the prime factors of f(n)?
2, 3
Let n(m) = -m**2 - m. Let x(h) = -2*h**3 - 6*h**2 + h + 13. Let b(y) = 4*n(y) + x(y). What are the prime factors of b(-5)?
2, 7
Let a = -8942 - -12853. What are the prime factors of a?
3911
Let h(i) be the third derivative of -24*i**2 - 4/3*i**3 - 3/8*i**4 + 0 + 0*i. What are the prime factors of h(-4)?
2, 7
Let r(u) = u**3 + 9*u**2 + 9*u + 10. Let y be r(-8). Let x(q) = 27 + 2*q**y - 6*q + 0*q**2 - 7*q. What are the prime factors of x(11)?
2, 3, 7
Suppose -3*f + 41 = 17. Suppose f*k - 3 = 5. What are the prime factors of 117 - -5 - (k - (0 + 0))?
11
Let c(l) = -7*l**3 + 52*l**2 - 35*l - 53. What are the prime factors of c(-19)?
11, 557
Let h(s) = 44*s**2 - 113*s - 88. List the prime factors of h(34).
2, 31, 757
Suppose 113359 = 102*i + 17785. List the prime factors of i.
937
Let i be -1 - (3 + 0)*-1. Suppose -v = -2*v + i. Let r(y) = 4*y + 2. List the prime factors of r(v).
2, 5
Suppose r = -0*r - 5, -2*r - 190 = -3*a. Let v = -41 + a. Suppose -22*f = -v*f - 192. What are the prime factors of f?
2
Suppose 16154*m - 16172*m + 415692 = 0. List the prime factors of m.
2, 3, 1283
Let r(h) = 43*h**2 + 121*h + 1552. What are the prime factors of r(-33)?
2, 22193
Let u = 745 + 3474. Let c = u - 2923. What are the prime factors of c?
2, 3
What are the prime factors of 3 - (-6 - -11) - -2712?
2, 5, 271
Let i(s) = 8526*s**2 + 37*s + 36. List the prime factors of i(-1).
5, 11, 31
Suppose 0 = -5*l - 30, -4*a + 4*l + 2656 = 2*l. List the prime factors of a.
661
Suppose -105 = 5*a - 65. Let y(l) = -5*l - 31. Let s be y(a). List the prime factors of (-11 + -4 - -3)*s/(-6).
2, 3
Let p = -2920 + 4431. What are the prime factors of p?
1511
Suppose -5*m - 19*m + 431420 = 31*m. What are the prime factors of m?
2, 37, 53
Let z(g) = 2*g**3 - 3*g**2 - 7*g + 13. List the prime factors of z(8).
3, 263
Let t = 187 + -175. Suppose 1217 - 3713 = -t*v. What are the prime factors of v?
2, 13
Suppose 18*c + 18*c + 112442 = 538898. What are the prime factors of c?
2, 5923
Suppose 231*i - 226*i + 825 = 0. Let h = i + 346. List the prime factors of h.
181
Let r(m) = -m**2 - 80*m + 26. List the prime factors of r(-67).
3, 13, 23
Let s be 5/(-2)*(-16)/(-8) + (234 - 6). Let t(c) = 2*c - 1. Let i be t(4). Suppose b = i*f - 2*f - s, -5*b - 235 = -5*f. List the prime factors of f.
2, 11
Suppose 61 + 1 = 2*g. Suppose -g*i - 1392 = -34*i. What are the prime factors of i?
2, 29
Let p = 125 + -92. Let z be 3/2*(-44)/p*-2. What are the prime factors of 206 - 12/(12/z)?
2, 101
Let w = 3922 + -2859. List the prime factors of w.
1063
Suppose i + 13556 = -13*i + 122350. What are the prime factors of i?
19, 409
Suppose -14131 + 124315 = 6*g. What are the prime factors of g?
2, 4591
Suppose 3*i + 3*s - 18 = 0, 0*i - 4*i + 3*s + 24 = 0. Suppose -i*z + 0*z + 4056 = 0. List the prime factors of z.
2, 13
Let k be -4*54/(-12)*2. What are the prime factors of 12/k - ((-4497)/9 + 3)?
7, 71
Let r(u) = 10*u - 27. Let x(i) = -10*i + 35. Let p(z) = 4*r(z) + 3*x(z). Let v be (-1 + -1)/((-2)/9). What are the prime factors of p(v)?
3, 29
What are the prime factors of (-2 + -130)*(-2790)/24*4/10?
2, 3, 11, 31
Let g = -44 - -49. Suppose -4*j = 4*p - 1348, 3*j + 1341 = -g*p + 9*p. List the prime factors of p.
2, 3, 7
Let i = -1079 + 7350. What are the prime factors of i?
6271
Suppose 0 = 4*s - 44 + 64. What are the prime factors of 1421/(-14)*(1 + s + 2)?
7, 29
Suppose 5 = -0*w - 2*w - t, -t = -3*w - 5. Let c(x) = 2*x**2 - x + 6. What are the prime factors of c(w)?
2
Suppose 0 = -4*z + 43 - 19. Suppose -z = 4*w + 2*f - 66, -5*w + 2*f + 75 = 0. Let n = w + -5. What are the prime factors of n?
2, 5
Suppose -2*h + 6*h - 5*p = 4202, -h + 4*p + 1056 = 0. What are the prime factors of h/(-1 + -7)*-1?
131
Suppose 2*j + 3*c - 757 = -158, 2*c + 614 = 2*j. Suppose 7*h = 3*p + 2*h + 500, 0 = 2*p + 4*h + j. Let v = p - -234. List the prime factors of v.
2, 37
Suppose -5*g + 35 = -4*q, 6 = 2*q - 3*q + 4*g. Let l(p) = -77*p - 84. What are the prime factors of l(q)?
2, 7
Suppose 28*c = -2*c + 168750. What are the prime factors of c?
3, 5
Let m be 1/((1 + 15/(-13))/(-2)). Let s(q) = -q**2 - 5*q + 14. Let j be s(m). Let h = j - -342. List the prime factors of h.
2, 61
Suppose -27 = -3*z + 69. What are the prime factors of 4/16 - (-2808)/z?
2, 11
Suppose 3*p + 4692 = 2*g, 3*g - 2*g = 3*p + 2346. Suppose 8*s = g + 790. Suppose 4*t + x = -t + 988, 2*t = -2*x + s. What are the prime factors of t?
2, 3, 11
Suppose 26*v - 48*v = 46*v - 357476. What are the prime factors of v?
7, 751
Let j be 2327 - -4 - (7 + -11). Let z = j - 1612. What are the prime factors of z?
3, 241
Let z(l) be the third derivative of -2*l**4 + l**3 + 73*l**2 + 14*l. Let o(h) = h**3 + 3*h**2 - 3*h + 2. Let s be o(-4). What are the prime factors of z(s)?
2, 3, 17
Suppose -3 = -6*q + 3. Let c(d) = -4*d. Let t be c(q). What are the prime factors of -2 - (-176 + t + 2)?
2, 11
Suppose -2*g + 12859 = 5*w, 82*g - 77*g = 5*w + 32235. List the prime factors of g.
2, 3221
Suppose 0 = 4*y - y - 4*a, 0 = -3*y - 2*a + 18. Suppose -48*i + 38*i + 980 = 0. Suppose y*h - 642 = -i. List the prime factors of h.
2, 17
Let g = 115 - 103. Suppose -4*d + 24 + g = 0. Suppose d*s + 138 = 12*s. List the prime factors of s.
2, 23
List the prime factors of (3 + 1 - -2)*(9 + -8) - -1778.
2, 223
Let f = -178 + 172. List the prime factors of f - -2 - (-5)/((-10)/(-366)).
179
List the prime factors of (-308)/56*(-27)/18*(-8)/(-6).
11
Suppose -20*m - 18*m + 92920 = -703750. List the prime factors of m.
5, 7, 599
Suppose -2*v = -z - 0*v + 7, 3*z - 3 = -3*v. Suppose -4*g - 5*a = -3574, z*g + 2*a = -584 + 3268. What are the prime factors of g?
2, 7
Suppose 4*y = -2*s + 14, 2*s - s - 3*y = 2. Suppose 67 + 113 = s*g. Let x = 55 - g. List the prime factors of x.
19
Let i(l) = -114*l - 24. Let b be i(-7). Suppose -11*t = -8*t - b. What are the prime factors of t?
2, 3, 43
Suppose 0 = -p - 5*p + 18. Let y be ((p - -25) + -3)*-11. Let z = -195 - y. What are the prime factors of z?
2, 5
Let f = 18056 + -1284. List the prime factors of f.
2, 7, 599
Let m be 4*5/(-10) + 6. Suppose -n + 11 = m*f + 2*n, -5*n + 7 = f. Suppose 3*l = v + 3*v - 423, f*v + 3*l = 189. What are the prime factors of v?
2, 3, 17
Suppose -2*a + 78 = -1188. Let k = a - 424. What are the prime factors of k?
11, 19
Suppose 0 = 2*u + 5*j + 51, -11*j + 6*j - 12 = -u. Let o(k) be the third derivative of -5*k**4/8 - 17*k**3/2 - 3*k**2. What are the prime factors of o(u)?
2, 3
Suppose 0 = -2*y + 3*u - 21, -2*u - 6 = 2*y - 0*u. Let g be (-6 - y)/(0 - 1). Suppose 5*d - 14 - 261 = g. List the prime factors of d.
5, 11
Let w = 11903 - 4910. List the prime factors of w.
3, 7, 37
Suppose 0 = 5*j + 6 - 16. List the prime factors of (-3 + 149)*(6 - 2 - j).
2, 73
What are the prime factors of 23/((-184)/3216)*(7 + 572/(-8))?
3, 43, 67
Let f = 93 - 37. Suppose -2*z - t + f = -498, -z + 291 = -3*t. What are the prime factors of z?
3, 31
Let y = -5793 + 18986. What are the prime factors of y?
79, 167
Let c = 1714 + -984. Suppose -2*s - c = -4*s. What are the prime factors of s?
5, 73
Let q = 4754 + -1299. What are the prime factors of q?
5, 691
Let i be 18/3*(-1)/(-3). Suppose 0 = -i*s + 3*s + 5, -5*y + 10 = 2*s. Suppose y*f = 2*f + 240. What are the prime factors of f?
2, 3, 5
Suppose -q - y = 4*q + 457, 6 = 2*y. Let j = q + 198. Suppo